{"id":6,"date":"2024-11-19T11:20:54","date_gmt":"2024-11-19T10:20:54","guid":{"rendered":"http:\/\/lesserc.cluster027.hosting.ovh.net\/?page_id=6"},"modified":"2026-03-23T22:23:09","modified_gmt":"2026-03-23T21:23:09","slug":"accueil-noisy","status":"publish","type":"page","link":"https:\/\/lesserresdenoisy.com\/","title":{"rendered":"Accueil"},"content":{"rendered":"\n<div class=\"wp-block-cover\" style=\"min-height:220px;aspect-ratio:unset;\"><img fetchpriority=\"high\" decoding=\"async\" width=\"2560\" height=\"1920\" class=\"wp-block-cover__image-background wp-image-10\" alt=\"BIENVENUE AUX SERRES DE NOISY\" src=\"http:\/\/lesserc.cluster027.hosting.ovh.net\/wp-content\/uploads\/2024\/11\/pexels-pixabay-53347.jpg\" data-object-fit=\"cover\" srcset=\"https:\/\/lesserresdenoisy.com\/wp-content\/uploads\/2024\/11\/pexels-pixabay-53347.jpg 2560w, https:\/\/lesserresdenoisy.com\/wp-content\/uploads\/2024\/11\/pexels-pixabay-53347-300x225.jpg 300w, https:\/\/lesserresdenoisy.com\/wp-content\/uploads\/2024\/11\/pexels-pixabay-53347-1024x768.jpg 1024w, https:\/\/lesserresdenoisy.com\/wp-content\/uploads\/2024\/11\/pexels-pixabay-53347-768x576.jpg 768w, https:\/\/lesserresdenoisy.com\/wp-content\/uploads\/2024\/11\/pexels-pixabay-53347-1536x1152.jpg 1536w, https:\/\/lesserresdenoisy.com\/wp-content\/uploads\/2024\/11\/pexels-pixabay-53347-2048x1536.jpg 2048w\" sizes=\"(max-width: 2560px) 100vw, 2560px\" \/><span aria-hidden=\"true\" class=\"wp-block-cover__background has-background-dim\" style=\"background-color:#804f6e\"><\/span><div class=\"wp-block-cover__inner-container is-layout-constrained wp-block-cover-is-layout-constrained\">\n<p><\/p>\n\n\n\n<h2 class=\"wp-block-heading has-text-align-center has-ast-global-color-5-color has-text-color has-link-color has-large-font-size wp-elements-cdbdcd034e11955582771d4020bb68b6\"><strong>BIENVENUE AUX SERRES DE NOISY<\/strong><\/h2>\n<\/div><\/div>\n\n\n\n<div style=\"height:50px\" aria-hidden=\"true\" class=\"wp-block-spacer\"><\/div>\n\n\n\n<p class=\"has-text-align-center has-black-color has-text-color has-link-color has-small-font-size wp-elements-f72cb927fb72d8196138107c90482154\"><strong>Les Serres de Noisy,<\/strong> entreprise familiale implant\u00e9e&nbsp;\u00e0 Noisy-le-Roi dans les Yvelines, et plus pr\u00e9cis\u00e9ment dans la Plaine de Versailles.&nbsp;Depuis 1934, la famille Duthoit <strong>produit et vend aux particuliers une gamme tr\u00e8s large de v\u00e9g\u00e9taux<\/strong>. Retrouver des plantes horticoles,<strong>&nbsp;<\/strong>des arbres et arbustes en&nbsp;<strong>p\u00e9pini\u00e8re<\/strong>, etc.. pour fleurir \u00e0 la fois la maison et le jardin. Les Serres de Noisy, g\u00e9r\u00e9es par la <strong>SCEA DUTHOIT<\/strong>, vous invitent \u00e0 d\u00e9couvrir un univers de plantes et de fleurs cultiv\u00e9es avec passion et savoir-faire. Fond\u00e9e en 1934 par Monsieur Georges Duthoit, l\u2019entreprise familiale s\u2019est transmise de g\u00e9n\u00e9ration en g\u00e9n\u00e9ration, et aujourd\u2019hui, ce sont les petits-enfants du fondateur qui perp\u00e9tuent la tradition, guid\u00e9s par les valeurs d\u2019excellence et de respect de la nature.<\/p>\n\n\n\n<div class=\"wp-block-buttons is-content-justification-center is-layout-flex wp-container-core-buttons-is-layout-a89b3969 wp-block-buttons-is-layout-flex\">\n<div class=\"wp-block-button\"><a class=\"wp-block-button__link has-medium-font-size has-custom-font-size wp-element-button\" href=\"https:\/\/lesserresdenoisy.com\/index.php\/qui-sommes-nous-duthoit\/\"><strong>Qui sommes nous ?<\/strong><\/a><\/div>\n\n\n\n<div class=\"wp-block-button\"><a class=\"wp-block-button__link has-medium-font-size has-custom-font-size wp-element-button\" href=\"https:\/\/lesserresdenoisy.com\/index.php\/actualites\/\"><strong>Nos actualit\u00e9s<\/strong><\/a><\/div>\n<\/div>\n\n\n\n<figure class=\"wp-block-gallery has-nested-images columns-4 is-cropped wp-block-gallery-1 is-layout-flex wp-block-gallery-is-layout-flex\">\n<figure class=\"wp-block-image size-full\"><img decoding=\"async\" width=\"720\" height=\"960\" data-id=\"73\" src=\"https:\/\/lesserresdenoisy.com\/wp-content\/uploads\/2024\/11\/462536239_1476461933052330_8691431932606108189_n.jpg\" alt=\"\" class=\"wp-image-73\" srcset=\"https:\/\/lesserresdenoisy.com\/wp-content\/uploads\/2024\/11\/462536239_1476461933052330_8691431932606108189_n.jpg 720w, https:\/\/lesserresdenoisy.com\/wp-content\/uploads\/2024\/11\/462536239_1476461933052330_8691431932606108189_n-225x300.jpg 225w\" sizes=\"(max-width: 720px) 100vw, 720px\" \/><figcaption class=\"wp-element-caption\"><strong><em>Heuch\u00e8re<\/em><\/strong><\/figcaption><\/figure>\n\n\n\n<figure class=\"wp-block-image size-large\"><img decoding=\"async\" width=\"769\" height=\"1024\" data-id=\"13\" src=\"http:\/\/lesserc.cluster027.hosting.ovh.net\/wp-content\/uploads\/2024\/11\/462545560_2035268630245253_2173870223039238663_n-769x1024.jpg\" alt=\"\" class=\"wp-image-13\" srcset=\"https:\/\/lesserresdenoisy.com\/wp-content\/uploads\/2024\/11\/462545560_2035268630245253_2173870223039238663_n-769x1024.jpg 769w, https:\/\/lesserresdenoisy.com\/wp-content\/uploads\/2024\/11\/462545560_2035268630245253_2173870223039238663_n-225x300.jpg 225w, https:\/\/lesserresdenoisy.com\/wp-content\/uploads\/2024\/11\/462545560_2035268630245253_2173870223039238663_n-768x1023.jpg 768w, https:\/\/lesserresdenoisy.com\/wp-content\/uploads\/2024\/11\/462545560_2035268630245253_2173870223039238663_n-1153x1536.jpg 1153w, https:\/\/lesserresdenoisy.com\/wp-content\/uploads\/2024\/11\/462545560_2035268630245253_2173870223039238663_n.jpg 1180w\" sizes=\"(max-width: 769px) 100vw, 769px\" \/><figcaption class=\"wp-element-caption\"><strong><em>Serre de vente : vivaces<\/em><\/strong><\/figcaption><\/figure>\n\n\n\n<figure class=\"wp-block-image size-large\"><img loading=\"lazy\" decoding=\"async\" width=\"769\" height=\"1024\" data-id=\"12\" src=\"http:\/\/lesserc.cluster027.hosting.ovh.net\/wp-content\/uploads\/2024\/11\/462578451_902035584969095_5358623701613902817_n-769x1024.jpg\" alt=\"sauge des serres de Noisy\" class=\"wp-image-12\" srcset=\"https:\/\/lesserresdenoisy.com\/wp-content\/uploads\/2024\/11\/462578451_902035584969095_5358623701613902817_n-769x1024.jpg 769w, https:\/\/lesserresdenoisy.com\/wp-content\/uploads\/2024\/11\/462578451_902035584969095_5358623701613902817_n-225x300.jpg 225w, https:\/\/lesserresdenoisy.com\/wp-content\/uploads\/2024\/11\/462578451_902035584969095_5358623701613902817_n-768x1023.jpg 768w, https:\/\/lesserresdenoisy.com\/wp-content\/uploads\/2024\/11\/462578451_902035584969095_5358623701613902817_n-1153x1536.jpg 1153w, https:\/\/lesserresdenoisy.com\/wp-content\/uploads\/2024\/11\/462578451_902035584969095_5358623701613902817_n.jpg 1180w\" sizes=\"(max-width: 769px) 100vw, 769px\" \/><figcaption class=\"wp-element-caption\"><strong><em>Sauge<\/em><\/strong><\/figcaption><\/figure>\n\n\n\n<figure class=\"wp-block-image size-large\"><img loading=\"lazy\" decoding=\"async\" width=\"769\" height=\"1024\" data-id=\"14\" src=\"http:\/\/lesserc.cluster027.hosting.ovh.net\/wp-content\/uploads\/2024\/11\/462637928_499699539888942_7192212808813680897_n-769x1024.jpg\" alt=\"Chrysanth\u00e8me des serres de Noisy\" class=\"wp-image-14\" srcset=\"https:\/\/lesserresdenoisy.com\/wp-content\/uploads\/2024\/11\/462637928_499699539888942_7192212808813680897_n-769x1024.jpg 769w, https:\/\/lesserresdenoisy.com\/wp-content\/uploads\/2024\/11\/462637928_499699539888942_7192212808813680897_n-225x300.jpg 225w, https:\/\/lesserresdenoisy.com\/wp-content\/uploads\/2024\/11\/462637928_499699539888942_7192212808813680897_n-768x1023.jpg 768w, https:\/\/lesserresdenoisy.com\/wp-content\/uploads\/2024\/11\/462637928_499699539888942_7192212808813680897_n-1153x1536.jpg 1153w, https:\/\/lesserresdenoisy.com\/wp-content\/uploads\/2024\/11\/462637928_499699539888942_7192212808813680897_n.jpg 1180w\" sizes=\"(max-width: 769px) 100vw, 769px\" \/><figcaption class=\"wp-element-caption\"><strong><em>Chrysanth\u00e8me<\/em><\/strong><\/figcaption><\/figure>\n<\/figure>\n\n\n\n<div style=\"height:50px\" aria-hidden=\"true\" class=\"wp-block-spacer\"><\/div>\n\n\n\n<div class=\"wp-block-essential-blocks-popup  root-eb-popup-nb1im\"><div class=\"eb-parent-wrapper\"><div id=\"eb-popup-nb1im\" class=\"eb-popup-container eb-popup-nb1im\" data-block-id=\"eb-popup-nb1im\" data-popup-type=\"page_load\" data-popup-delay=\"1\" data-close-btn=\"true\" data-esc-btn=\"true\" data-click-exit=\"true\" data-auto-exit=\"false\" data-auto-exit-time=\"3\" data-use-cookie=\"true\" data-cookie-expire-time=\"\" data-page-scroll=\"true\" data-scroll-type=\"percentage\" data-scroll-percentage=\"50\" data-scroll-element=\"\" data-scroll-distance=\"100px\" data-scroll-offset=\"0\"><div class=\"eb-popup-btn-wrapper eb-parent-eb-popup-nb1im \"><\/div><div class=\"eb-popup-overlay\"><\/div><div class=\"modal-main-wrap\"><div class=\"eb-modal-container eb_popup_middle_center\"><div class=\"eb-popup-content\"><div class=\"eb-popup-close-icon\">X<\/div>\n<figure class=\"wp-block-image aligncenter size-large\"><img loading=\"lazy\" decoding=\"async\" width=\"1024\" height=\"1024\" src=\"https:\/\/lesserresdenoisy.com\/wp-content\/uploads\/2026\/03\/Post-Facebook-Les-serres-de-noisy-15-1024x1024.png\" alt=\"\" class=\"wp-image-444\" srcset=\"https:\/\/lesserresdenoisy.com\/wp-content\/uploads\/2026\/03\/Post-Facebook-Les-serres-de-noisy-15-1024x1024.png 1024w, https:\/\/lesserresdenoisy.com\/wp-content\/uploads\/2026\/03\/Post-Facebook-Les-serres-de-noisy-15-300x300.png 300w, https:\/\/lesserresdenoisy.com\/wp-content\/uploads\/2026\/03\/Post-Facebook-Les-serres-de-noisy-15-150x150.png 150w, https:\/\/lesserresdenoisy.com\/wp-content\/uploads\/2026\/03\/Post-Facebook-Les-serres-de-noisy-15-768x768.png 768w, https:\/\/lesserresdenoisy.com\/wp-content\/uploads\/2026\/03\/Post-Facebook-Les-serres-de-noisy-15.png 1080w\" sizes=\"(max-width: 1024px) 100vw, 1024px\" \/><\/figure>\n<\/div><\/div><\/div><\/div><\/div><\/div>\n\n\n\n<div class=\"wp-block-buttons is-content-justification-center is-layout-flex wp-container-core-buttons-is-layout-a89b3969 wp-block-buttons-is-layout-flex\">\n<div class=\"wp-block-button\"><a class=\"wp-block-button__link wp-element-button\" href=\"https:\/\/g.page\/r\/CdFoLCQjNFIXEBM\/review\"><strong>Donnez votre avis<\/strong><\/a><\/div>\n\n\n\n<div class=\"wp-block-button\"><a class=\"wp-block-button__link wp-element-button\" href=\"https:\/\/www.facebook.com\/lesserresdenoisy\"><strong>Restez inform\u00e9s<\/strong><\/a><\/div>\n<\/div>\n","protected":false},"excerpt":{"rendered":"<p>Les Serres de Noisy, entreprise familiale implant\u00e9e&nbsp;\u00e0 Noisy-le-Roi dans les Yvelines, et plus pr\u00e9cis\u00e9ment dans la Plaine de Versailles.&nbsp;Depuis 1934, [&hellip;]<\/p>\n","protected":false},"author":1,"featured_media":0,"parent":0,"menu_order":0,"comment_status":"closed","ping_status":"closed","template":"","meta":{"_eb_attr":"","site-sidebar-layout":"default","site-content-layout":"","ast-site-content-layout":"","site-content-style":"default","site-sidebar-style":"default","ast-global-header-display":"","ast-banner-title-visibility":"","ast-main-header-display":"","ast-hfb-above-header-display":"","ast-hfb-below-header-display":"","ast-hfb-mobile-header-display":"","site-post-title":"disabled","ast-breadcrumbs-content":"","ast-featured-img":"","footer-sml-layout":"","theme-transparent-header-meta":"","adv-header-id-meta":"","stick-header-meta":"","header-above-stick-meta":"","header-main-stick-meta":"","header-below-stick-meta":"","astra-migrate-meta-layouts":"default","ast-page-background-enabled":"default","ast-page-background-meta":{"desktop":{"background-color":"var(--ast-global-color-4)","background-image":"","background-repeat":"repeat","background-position":"center center","background-size":"auto","background-attachment":"scroll","background-type":"","background-media":"","overlay-type":"","overlay-color":"","overlay-opacity":"","overlay-gradient":""},"tablet":{"background-color":"","background-image":"","background-repeat":"repeat","background-position":"center center","background-size":"auto","background-attachment":"scroll","background-type":"","background-media":"","overlay-type":"","overlay-color":"","overlay-opacity":"","overlay-gradient":""},"mobile":{"background-color":"","background-image":"","background-repeat":"repeat","background-position":"center center","background-size":"auto","background-attachment":"scroll","background-type":"","background-media":"","overlay-type":"","overlay-color":"","overlay-opacity":"","overlay-gradient":""}},"ast-content-background-meta":{"desktop":{"background-color":"var(--ast-global-color-5)","background-image":"","background-repeat":"repeat","background-position":"center center","background-size":"auto","background-attachment":"scroll","background-type":"","background-media":"","overlay-type":"","overlay-color":"","overlay-opacity":"","overlay-gradient":""},"tablet":{"background-color":"var(--ast-global-color-5)","background-image":"","background-repeat":"repeat","background-position":"center center","background-size":"auto","background-attachment":"scroll","background-type":"","background-media":"","overlay-type":"","overlay-color":"","overlay-opacity":"","overlay-gradient":""},"mobile":{"background-color":"var(--ast-global-color-5)","background-image":"","background-repeat":"repeat","background-position":"center center","background-size":"auto","background-attachment":"scroll","background-type":"","background-media":"","overlay-type":"","overlay-color":"","overlay-opacity":"","overlay-gradient":""}},"footnotes":""},"class_list":["post-6","page","type-page","status-publish","hentry"],"yoast_head":"<!-- This site is optimized with the Yoast SEO plugin v25.9 - https:\/\/yoast.com\/wordpress\/plugins\/seo\/ -->\n<title>Les Serres de Noisy - Producteur \u00e0 votre service<\/title>\n<meta name=\"description\" content=\"Bienvenue aux Serres de Noisy, producteurs familiaux de plantes depuis plusieurs g\u00e9n\u00e9rations. D\u00e9couvrez notre large gamme de plantes !\" \/>\n<meta name=\"robots\" content=\"index, follow, max-snippet:-1, max-image-preview:large, max-video-preview:-1\" \/>\n<link rel=\"canonical\" href=\"https:\/\/lesserresdenoisy.com\/\" \/>\n<meta property=\"og:locale\" content=\"fr_FR\" \/>\n<meta property=\"og:type\" content=\"article\" \/>\n<meta property=\"og:title\" content=\"Les Serres de Noisy - Producteur \u00e0 votre service\" \/>\n<meta property=\"og:description\" content=\"Bienvenue aux Serres de Noisy, producteurs familiaux de plantes depuis plusieurs g\u00e9n\u00e9rations. D\u00e9couvrez notre large gamme de plantes !\" \/>\n<meta property=\"og:url\" content=\"https:\/\/lesserresdenoisy.com\/\" \/>\n<meta property=\"og:site_name\" content=\"Les Serres de Noisy\" \/>\n<meta property=\"article:publisher\" content=\"https:\/\/www.facebook.com\/lesserresdenoisy\" \/>\n<meta property=\"article:modified_time\" content=\"2026-03-23T21:23:09+00:00\" \/>\n<meta property=\"og:image\" content=\"https:\/\/lesserresdenoisy.com\/wp-content\/uploads\/2024\/11\/pexels-pixabay-53347.jpg\" \/>\n\t<meta property=\"og:image:width\" content=\"2560\" \/>\n\t<meta property=\"og:image:height\" content=\"1920\" \/>\n\t<meta property=\"og:image:type\" content=\"image\/jpeg\" \/>\n<meta name=\"twitter:card\" content=\"summary_large_image\" \/>\n<meta name=\"twitter:label1\" content=\"Dur\u00e9e de lecture estim\u00e9e\" \/>\n\t<meta name=\"twitter:data1\" content=\"2 minutes\" \/>\n<script type=\"application\/ld+json\" class=\"yoast-schema-graph\">{\"@context\":\"https:\/\/schema.org\",\"@graph\":[{\"@type\":\"WebPage\",\"@id\":\"https:\/\/lesserresdenoisy.com\/\",\"url\":\"https:\/\/lesserresdenoisy.com\/\",\"name\":\"Les Serres de Noisy - Producteur \u00e0 votre service\",\"isPartOf\":{\"@id\":\"https:\/\/lesserresdenoisy.com\/#website\"},\"primaryImageOfPage\":{\"@id\":\"https:\/\/lesserresdenoisy.com\/#primaryimage\"},\"image\":{\"@id\":\"https:\/\/lesserresdenoisy.com\/#primaryimage\"},\"thumbnailUrl\":\"http:\/\/lesserc.cluster027.hosting.ovh.net\/wp-content\/uploads\/2024\/11\/pexels-pixabay-53347.jpg\",\"datePublished\":\"2024-11-19T10:20:54+00:00\",\"dateModified\":\"2026-03-23T21:23:09+00:00\",\"description\":\"Bienvenue aux Serres de Noisy, producteurs familiaux de plantes depuis plusieurs g\u00e9n\u00e9rations. D\u00e9couvrez notre large gamme de plantes !\",\"breadcrumb\":{\"@id\":\"https:\/\/lesserresdenoisy.com\/#breadcrumb\"},\"inLanguage\":\"fr-FR\",\"potentialAction\":[{\"@type\":\"ReadAction\",\"target\":[\"https:\/\/lesserresdenoisy.com\/\"]}]},{\"@type\":\"ImageObject\",\"inLanguage\":\"fr-FR\",\"@id\":\"https:\/\/lesserresdenoisy.com\/#primaryimage\",\"url\":\"http:\/\/lesserc.cluster027.hosting.ovh.net\/wp-content\/uploads\/2024\/11\/pexels-pixabay-53347.jpg\",\"contentUrl\":\"http:\/\/lesserc.cluster027.hosting.ovh.net\/wp-content\/uploads\/2024\/11\/pexels-pixabay-53347.jpg\"},{\"@type\":\"BreadcrumbList\",\"@id\":\"https:\/\/lesserresdenoisy.com\/#breadcrumb\",\"itemListElement\":[{\"@type\":\"ListItem\",\"position\":1,\"name\":\"Accueil\",\"item\":\"https:\/\/lesserresdenoisy.com\/\"},{\"@type\":\"ListItem\",\"position\":2,\"name\":\"Accueil\"}]},{\"@type\":\"WebSite\",\"@id\":\"https:\/\/lesserresdenoisy.com\/#website\",\"url\":\"https:\/\/lesserresdenoisy.com\/\",\"name\":\"Les Serres de Noisy\",\"description\":\"Producteur \u00e0 votre service\",\"publisher\":{\"@id\":\"https:\/\/lesserresdenoisy.com\/#organization\"},\"potentialAction\":[{\"@type\":\"SearchAction\",\"target\":{\"@type\":\"EntryPoint\",\"urlTemplate\":\"https:\/\/lesserresdenoisy.com\/?s={search_term_string}\"},\"query-input\":{\"@type\":\"PropertyValueSpecification\",\"valueRequired\":true,\"valueName\":\"search_term_string\"}}],\"inLanguage\":\"fr-FR\"},{\"@type\":\"Organization\",\"@id\":\"https:\/\/lesserresdenoisy.com\/#organization\",\"name\":\"Les Serres de Noisy\",\"url\":\"https:\/\/lesserresdenoisy.com\/\",\"logo\":{\"@type\":\"ImageObject\",\"inLanguage\":\"fr-FR\",\"@id\":\"https:\/\/lesserresdenoisy.com\/#\/schema\/logo\/image\/\",\"url\":\"https:\/\/lesserresdenoisy.com\/wp-content\/uploads\/2024\/11\/cropped-cropped-7-1.png\",\"contentUrl\":\"https:\/\/lesserresdenoisy.com\/wp-content\/uploads\/2024\/11\/cropped-cropped-7-1.png\",\"width\":292,\"height\":283,\"caption\":\"Les Serres de Noisy\"},\"image\":{\"@id\":\"https:\/\/lesserresdenoisy.com\/#\/schema\/logo\/image\/\"},\"sameAs\":[\"https:\/\/www.facebook.com\/lesserresdenoisy\"]}]}<\/script>\n<!-- \/ Yoast SEO plugin. -->","yoast_head_json":{"title":"Les Serres de Noisy - Producteur \u00e0 votre service","description":"Bienvenue aux Serres de Noisy, producteurs familiaux de plantes depuis plusieurs g\u00e9n\u00e9rations. D\u00e9couvrez notre large gamme de plantes !","robots":{"index":"index","follow":"follow","max-snippet":"max-snippet:-1","max-image-preview":"max-image-preview:large","max-video-preview":"max-video-preview:-1"},"canonical":"https:\/\/lesserresdenoisy.com\/","og_locale":"fr_FR","og_type":"article","og_title":"Les Serres de Noisy - Producteur \u00e0 votre service","og_description":"Bienvenue aux Serres de Noisy, producteurs familiaux de plantes depuis plusieurs g\u00e9n\u00e9rations. D\u00e9couvrez notre large gamme de plantes !","og_url":"https:\/\/lesserresdenoisy.com\/","og_site_name":"Les Serres de Noisy","article_publisher":"https:\/\/www.facebook.com\/lesserresdenoisy","article_modified_time":"2026-03-23T21:23:09+00:00","og_image":[{"width":2560,"height":1920,"url":"https:\/\/lesserresdenoisy.com\/wp-content\/uploads\/2024\/11\/pexels-pixabay-53347.jpg","type":"image\/jpeg"}],"twitter_card":"summary_large_image","twitter_misc":{"Dur\u00e9e de lecture estim\u00e9e":"2 minutes"},"schema":{"@context":"https:\/\/schema.org","@graph":[{"@type":"WebPage","@id":"https:\/\/lesserresdenoisy.com\/","url":"https:\/\/lesserresdenoisy.com\/","name":"Les Serres de Noisy - Producteur \u00e0 votre service","isPartOf":{"@id":"https:\/\/lesserresdenoisy.com\/#website"},"primaryImageOfPage":{"@id":"https:\/\/lesserresdenoisy.com\/#primaryimage"},"image":{"@id":"https:\/\/lesserresdenoisy.com\/#primaryimage"},"thumbnailUrl":"http:\/\/lesserc.cluster027.hosting.ovh.net\/wp-content\/uploads\/2024\/11\/pexels-pixabay-53347.jpg","datePublished":"2024-11-19T10:20:54+00:00","dateModified":"2026-03-23T21:23:09+00:00","description":"Bienvenue aux Serres de Noisy, producteurs familiaux de plantes depuis plusieurs g\u00e9n\u00e9rations. D\u00e9couvrez notre large gamme de plantes !","breadcrumb":{"@id":"https:\/\/lesserresdenoisy.com\/#breadcrumb"},"inLanguage":"fr-FR","potentialAction":[{"@type":"ReadAction","target":["https:\/\/lesserresdenoisy.com\/"]}]},{"@type":"ImageObject","inLanguage":"fr-FR","@id":"https:\/\/lesserresdenoisy.com\/#primaryimage","url":"http:\/\/lesserc.cluster027.hosting.ovh.net\/wp-content\/uploads\/2024\/11\/pexels-pixabay-53347.jpg","contentUrl":"http:\/\/lesserc.cluster027.hosting.ovh.net\/wp-content\/uploads\/2024\/11\/pexels-pixabay-53347.jpg"},{"@type":"BreadcrumbList","@id":"https:\/\/lesserresdenoisy.com\/#breadcrumb","itemListElement":[{"@type":"ListItem","position":1,"name":"Accueil","item":"https:\/\/lesserresdenoisy.com\/"},{"@type":"ListItem","position":2,"name":"Accueil"}]},{"@type":"WebSite","@id":"https:\/\/lesserresdenoisy.com\/#website","url":"https:\/\/lesserresdenoisy.com\/","name":"Les Serres de Noisy","description":"Producteur \u00e0 votre service","publisher":{"@id":"https:\/\/lesserresdenoisy.com\/#organization"},"potentialAction":[{"@type":"SearchAction","target":{"@type":"EntryPoint","urlTemplate":"https:\/\/lesserresdenoisy.com\/?s={search_term_string}"},"query-input":{"@type":"PropertyValueSpecification","valueRequired":true,"valueName":"search_term_string"}}],"inLanguage":"fr-FR"},{"@type":"Organization","@id":"https:\/\/lesserresdenoisy.com\/#organization","name":"Les Serres de Noisy","url":"https:\/\/lesserresdenoisy.com\/","logo":{"@type":"ImageObject","inLanguage":"fr-FR","@id":"https:\/\/lesserresdenoisy.com\/#\/schema\/logo\/image\/","url":"https:\/\/lesserresdenoisy.com\/wp-content\/uploads\/2024\/11\/cropped-cropped-7-1.png","contentUrl":"https:\/\/lesserresdenoisy.com\/wp-content\/uploads\/2024\/11\/cropped-cropped-7-1.png","width":292,"height":283,"caption":"Les Serres de Noisy"},"image":{"@id":"https:\/\/lesserresdenoisy.com\/#\/schema\/logo\/image\/"},"sameAs":["https:\/\/www.facebook.com\/lesserresdenoisy"]}]}},"_links":{"self":[{"href":"https:\/\/lesserresdenoisy.com\/index.php\/wp-json\/wp\/v2\/pages\/6","targetHints":{"allow":["GET"]}}],"collection":[{"href":"https:\/\/lesserresdenoisy.com\/index.php\/wp-json\/wp\/v2\/pages"}],"about":[{"href":"https:\/\/lesserresdenoisy.com\/index.php\/wp-json\/wp\/v2\/types\/page"}],"author":[{"embeddable":true,"href":"https:\/\/lesserresdenoisy.com\/index.php\/wp-json\/wp\/v2\/users\/1"}],"replies":[{"embeddable":true,"href":"https:\/\/lesserresdenoisy.com\/index.php\/wp-json\/wp\/v2\/comments?post=6"}],"version-history":[{"count":26,"href":"https:\/\/lesserresdenoisy.com\/index.php\/wp-json\/wp\/v2\/pages\/6\/revisions"}],"predecessor-version":[{"id":445,"href":"https:\/\/lesserresdenoisy.com\/index.php\/wp-json\/wp\/v2\/pages\/6\/revisions\/445"}],"wp:attachment":[{"href":"https:\/\/lesserresdenoisy.com\/index.php\/wp-json\/wp\/v2\/media?parent=6"}],"curies":[{"name":"wp","href":"https:\/\/api.w.org\/{rel}","templated":true}]}}